{"id":83,"date":"2022-05-11T19:53:53","date_gmt":"2022-05-11T19:53:53","guid":{"rendered":"https:\/\/perseverante.ch\/cms\/?page_id=83"},"modified":"2026-04-24T12:09:24","modified_gmt":"2026-04-24T12:09:24","slug":"agenda","status":"publish","type":"page","link":"https:\/\/perseverante.ch\/cms\/agenda\/","title":{"rendered":""},"content":{"rendered":"<div class=\"vce-row-container\" data-vce-boxed-width=\"true\"><div class=\"vce-row vce-row--col-gap-30 vce-row-equal-height vce-row-content--top\" id=\"el-430110bb\" data-vce-do-apply=\"all el-430110bb\"><div class=\"vce-content-background-container\"><\/div><div class=\"vce-row-content\" data-vce-element-content=\"true\"><div class=\"vce-col vce-col--md-4p vce-col--xs-1 vce-col--xs-last vce-col--xs-first vce-col--sm-last vce-col--sm-first vce-col--md-first vce-col--lg-first vce-col--xl-first\" id=\"el-10065dca\"><div class=\"vce-col-inner\" data-vce-do-apply=\"border margin background  el-10065dca\"><div class=\"vce-col-content\" data-vce-element-content=\"true\" data-vce-do-apply=\"padding el-10065dca\"><div class=\"vce-features vce-var-icon vce-features--style-filled-circle vce-features--size-tiny\" style=\"--iconAlignment: left; --iconColor: #fff; --iconColorHover: #fff; --shapeColor: rgb(104, 0, 27); --shapeColorHover: rgb(104, 0, 27); --linkColorHover: rgb(93,0,24);\"><div id=\"el-80a97f12\" class=\"vce vce-features-icon-wrapper\" data-vce-do-apply=\"all el-80a97f12\"><div class=\"vce-features--icon vce-icon\"><svg xmlns=\"https:\/\/www.w3.org\/2000\/svg\" viewBox=\"0 0 769 769\"><path stroke-width=\"25\" d=\"M565.755 696.27h-360l-180-311.77 180-311.77h360l180 311.77z\"><\/path><\/svg><span class=\"vce-icon-container far fa-calendar-alt\"><\/span><\/div><\/div><\/div><\/div><\/div><\/div><div class=\"vce-col vce-col--md-auto vce-col--xs-1 vce-col--xs-last vce-col--xs-first vce-col--sm-last vce-col--sm-first\" id=\"el-ec7ed781\"><div class=\"vce-col-inner\" data-vce-do-apply=\"border margin background  el-ec7ed781\"><div class=\"vce-col-content\" data-vce-element-content=\"true\" data-vce-do-apply=\"padding el-ec7ed781\"><div class=\"vce-text-block\"><div class=\"vce-text-block-wrapper vce\" id=\"el-fe5f2e8e\" data-vce-do-apply=\"all el-fe5f2e8e\"><h3 style=\"line-height: 2;\"><span style=\"color: #68001b; font-size: 14pt;\">&nbsp; &nbsp;Saison 2025-2026 <\/span><span style=\"color: #68001b; font-size: 14pt;\">en collaboration avec L'Edelweiss des Diablerets des Hauts de Conthey<\/span><\/h3>\n<ul>\n<li><span style=\"font-size: 12pt; color: #000000;\">7 d\u00e9cembre 2025, Championnat VS des solistes et quatuors, Gr\u00f4ne<\/span><\/li>\n<li><span style=\"color: #000000; font-size: 12pt;\">8 f\u00e9vrier 2026 \u00e0 16h, Loto, Salle polyvalente Conthey<\/span><\/li>\n<li><span style=\"font-size: 12pt; color: #000000;\">28 f\u00e9vrier 2026, samedi musical et d\u00eener<\/span><\/li>\n<li style=\"line-height: 2;\"><span style=\"font-size: 12pt; color: #000000;\">21 mars 2026 \u00e0 20h, Concert annuel, Salle polyvalente Conthey<\/span><\/li>\n<li><span style=\"font-size: 12pt; color: #000000;\">24 mai 2026, Festival FFDCC, Savi\u00e8se<\/span><\/li>\n<li style=\"line-height: 2;\"><span style=\"font-size: 12pt; color: #000000;\">13 juin 2026, F\u00eate Patronale, Plan-Conthey<\/span><\/li>\n<li style=\"line-height: 2;\"><span style=\"color: #000000; font-size: 12pt;\">5 au 9 ao\u00fbt 2026, Camp musical<\/span><\/li>\n<li><span style=\"font-size: 12pt; color: #000000;\">29 ao\u00fbt 2026, Pecafoot, Erde<\/span><\/li>\n<\/ul><\/div><\/div><\/div><\/div><\/div><div class=\"vce-col vce-col--md-93p vce-col--xs-1 vce-col--xs-last vce-col--xs-first vce-col--sm-last vce-col--sm-first vce-col--md-last vce-col--lg-last vce-col--xl-last\" id=\"el-6e7209b5\"><div class=\"vce-col-inner\" data-vce-do-apply=\"border margin background  el-6e7209b5\"><div class=\"vce-col-content\" data-vce-element-content=\"true\" data-vce-do-apply=\"padding el-6e7209b5\"><div class=\"vcv-row-control-wrapper\"><\/div><\/div><\/div><\/div><\/div><\/div><\/div>","protected":false},"excerpt":{"rendered":"<p>&nbsp; &nbsp;Saison 2025-2026 en collaboration avec L&rsquo;Edelweiss des Diablerets des Hauts de Conthey 7 d\u00e9cembre 2025, Championnat VS des solistes et quatuors, Gr\u00f4ne 8 f\u00e9vrier 2026 \u00e0 16h, Loto, Salle polyvalente Conthey 28 f\u00e9vrier 2026, samedi musical et d\u00eener 21 mars 2026 \u00e0 20h, Concert annuel, Salle polyvalente Conthey 24 mai 2026, Festival FFDCC, Savi\u00e8se [&hellip;]<\/p>\n","protected":false},"author":1,"featured_media":0,"parent":0,"menu_order":6,"comment_status":"closed","ping_status":"closed","template":"","meta":{"footnotes":""},"class_list":["post-83","page","type-page","status-publish","hentry"],"_links":{"self":[{"href":"https:\/\/perseverante.ch\/cms\/wp-json\/wp\/v2\/pages\/83","targetHints":{"allow":["GET"]}}],"collection":[{"href":"https:\/\/perseverante.ch\/cms\/wp-json\/wp\/v2\/pages"}],"about":[{"href":"https:\/\/perseverante.ch\/cms\/wp-json\/wp\/v2\/types\/page"}],"author":[{"embeddable":true,"href":"https:\/\/perseverante.ch\/cms\/wp-json\/wp\/v2\/users\/1"}],"replies":[{"embeddable":true,"href":"https:\/\/perseverante.ch\/cms\/wp-json\/wp\/v2\/comments?post=83"}],"version-history":[{"count":0,"href":"https:\/\/perseverante.ch\/cms\/wp-json\/wp\/v2\/pages\/83\/revisions"}],"wp:attachment":[{"href":"https:\/\/perseverante.ch\/cms\/wp-json\/wp\/v2\/media?parent=83"}],"curies":[{"name":"wp","href":"https:\/\/api.w.org\/{rel}","templated":true}]}}

<div class="vce-row-container" data-vce-boxed-width="true"><div class="vce-row vce-row--col-gap-30 vce-row-equal-height vce-row-content--top" id="el-430110bb" data-vce-do-apply="all el-430110bb"><div class="vce-content-background-container"></div><div class="vce-row-content" data-vce-element-content="true"><div class="vce-col vce-col--md-4p vce-col--xs-1 vce-col--xs-last vce-col--xs-first vce-col--sm-last vce-col--sm-first vce-col--md-first vce-col--lg-first vce-col--xl-first" id="el-10065dca"><div class="vce-col-inner" data-vce-do-apply="border margin background  el-10065dca"><div class="vce-col-content" data-vce-element-content="true" data-vce-do-apply="padding el-10065dca"><div class="vce-features vce-var-icon vce-features--style-filled-circle vce-features--size-tiny" style="--iconAlignment: left; --iconColor: #fff; --iconColorHover: #fff; --shapeColor: rgb(104, 0, 27); --shapeColorHover: rgb(104, 0, 27); --linkColorHover: rgb(93,0,24);"><div id="el-80a97f12" class="vce vce-features-icon-wrapper" data-vce-do-apply="all el-80a97f12"><div class="vce-features--icon vce-icon"><svg xmlns="https://www.w3.org/2000/svg" viewBox="0 0 769 769"><path stroke-width="25" d="M565.755 696.27h-360l-180-311.77 180-311.77h360l180 311.77z"></path></svg><span class="vce-icon-container far fa-calendar-alt"></span></div></div></div></div></div></div><div class="vce-col vce-col--md-auto vce-col--xs-1 vce-col--xs-last vce-col--xs-first vce-col--sm-last vce-col--sm-first" id="el-ec7ed781"><div class="vce-col-inner" data-vce-do-apply="border margin background  el-ec7ed781"><div class="vce-col-content" data-vce-element-content="true" data-vce-do-apply="padding el-ec7ed781"><div class="vce-text-block"><div class="vce-text-block-wrapper vce" id="el-fe5f2e8e" data-vce-do-apply="all el-fe5f2e8e"><h3 style="line-height: 2;"><span style="color: #68001b; font-size: 14pt;">&nbsp; &nbsp;Saison 2025-2026 </span><span style="color: #68001b; font-size: 14pt;">en collaboration avec L'Edelweiss des Diablerets des Hauts de Conthey</span></h3>
<ul>
<li><span style="font-size: 12pt; color: #000000;">7 décembre 2025, Championnat VS des solistes et quatuors, Grône</span></li>
<li><span style="color: #000000; font-size: 12pt;">8 février 2026 à 16h, Loto, Salle polyvalente Conthey</span></li>
<li><span style="font-size: 12pt; color: #000000;">28 février 2026, samedi musical et dîner</span></li>
<li style="line-height: 2;"><span style="font-size: 12pt; color: #000000;">21 mars 2026 à 20h, Concert annuel, Salle polyvalente Conthey</span></li>
<li><span style="font-size: 12pt; color: #000000;">24 mai 2026, Festival FFDCC, Savièse</span></li>
<li style="line-height: 2;"><span style="font-size: 12pt; color: #000000;">13 juin 2026, Fête Patronale, Plan-Conthey</span></li>
<li style="line-height: 2;"><span style="color: #000000; font-size: 12pt;">5 au 9 août 2026, Camp musical</span></li>
<li><span style="font-size: 12pt; color: #000000;">29 août 2026, Pecafoot, Erde</span></li>
</ul></div></div></div></div></div><div class="vce-col vce-col--md-93p vce-col--xs-1 vce-col--xs-last vce-col--xs-first vce-col--sm-last vce-col--sm-first vce-col--md-last vce-col--lg-last vce-col--xl-last" id="el-6e7209b5"><div class="vce-col-inner" data-vce-do-apply="border margin background  el-6e7209b5"><div class="vce-col-content" data-vce-element-content="true" data-vce-do-apply="padding el-6e7209b5"><div class="vcv-row-control-wrapper"></div></div></div></div></div></div></div>

<p>&nbsp; &nbsp;Saison 2025-2026 en collaboration avec L&rsquo;Edelweiss des Diablerets des Hauts de Conthey 7 décembre 2025, Championnat VS des solistes et quatuors, Grône 8 février 2026 à 16h, Loto, Salle polyvalente Conthey 28 février 2026, samedi musical et dîner 21 mars 2026 à 20h, Concert annuel, Salle polyvalente Conthey 24 mai 2026, Festival FFDCC, Savièse [&hellip;]</p>
