{"id":81,"date":"2022-05-11T19:52:14","date_gmt":"2022-05-11T19:52:14","guid":{"rendered":"https:\/\/perseverante.ch\/cms\/?page_id=81"},"modified":"2025-08-26T18:36:57","modified_gmt":"2025-08-26T18:36:57","slug":"ecole-de-musique","status":"publish","type":"page","link":"https:\/\/perseverante.ch\/cms\/ecole-de-musique\/","title":{"rendered":""},"content":{"rendered":"<div class=\"vce-row-container\" data-vce-boxed-width=\"true\"><div class=\"vce-row vce-row--col-gap-30 vce-row-equal-height vce-row-content--top\" id=\"el-430110bb\" data-vce-do-apply=\"all el-430110bb\"><div class=\"vce-content-background-container\"><\/div><div class=\"vce-row-content\" data-vce-element-content=\"true\"><div class=\"vce-col vce-col--md-auto vce-col--xs-1 vce-col--xs-last vce-col--xs-first vce-col--sm-last vce-col--sm-first vce-col--md-last vce-col--lg-last vce-col--xl-last vce-col--md-first vce-col--lg-first vce-col--xl-first\" id=\"el-4b4737bb\"><div class=\"vce-col-inner\" data-vce-do-apply=\"border margin background  el-4b4737bb\"><div class=\"vce-col-content\" data-vce-element-content=\"true\" data-vce-do-apply=\"padding el-4b4737bb\"><div class=\"vce-text-block\"><div class=\"vce-text-block-wrapper vce\" id=\"el-e337188e\" data-vce-do-apply=\"all el-e337188e\"><div id=\"WRchTxtc\" class=\"_1Q9if\" data-testid=\"richTextElement\"><h2 class=\"font_2\" style=\"text-align: left;\"><span style=\"font-size: 12pt;\"><span style=\"color: #68001b;\">\"La Pers\u00e9v\u00e9rante\" est soucieuse de sa rel\u00e8ve et a mis en place deux structures&nbsp;pour former <\/span><span style=\"color: #68001b;\">les jeunes musiciens en herbe :<\/span><\/span><\/h2><\/div><div id=\"WRchTxte\" class=\"_1Q9if\" data-testid=\"richTextElement\"><ul class=\"font_8\" style=\"text-align: left;\"><li><p class=\"font_8\"><span style=\"color: #000000; font-size: 12pt;\">Un \u00e9veil \u00e0 la musique, d\u00e8s la 1H<\/span><\/p><\/li><li><p class=\"font_8\"><span style=\"color: #000000; font-size: 12pt;\">Une \u00e9cole de musique<\/span><\/p><\/li><\/ul><p class=\"font_8\" style=\"text-align: left;\"><span class=\"wixGuard\" style=\"color: #000000; font-size: 12pt;\">\u200bL'\u00e9veil \u00e0 la musique a pour but; la d\u00e9couverte du rythme et des instruments de mani\u00e8re ludique.<\/span><\/p><p class=\"font_8\" style=\"line-height: inherit; text-align: left;\"><span style=\"color: #000000; font-size: 12pt;\">L'\u00e9cole de musique s'appuie sur 2 axes principaux : l'\u00e9tude du solf\u00e8ge et la pratique d'un instrument (cuivre ou percussion).<\/span><\/p><p class=\"font_8\" style=\"line-height: inherit; text-align: left;\"><span style=\"color: #000000; font-size: 12pt;\">La formation dure environ 3 ans et suit dans les grandes lignes le programme suivant :<\/span><\/p><ul class=\"font_8\" style=\"text-align: left;\"><li><p class=\"font_8\"><span style=\"color: #000000; font-size: 12pt;\">1\u00e8re ann\u00e9e : Etude du solf\u00e8ge avec 1 cours hebdomadaire et commencement de la pratique de l'instrument<\/span><\/p><\/li><li><p class=\"font_8\"><span style=\"color: #000000; font-size: 12pt;\">2\u00e8me ann\u00e9e : Poursuite du solf\u00e8ge et pratique de l'instrument<\/span><\/p><\/li><li><p class=\"font_8\"><span style=\"color: #000000; font-size: 12pt;\">3\u00e8me ann\u00e9e : Pratique de l'instrument avec int\u00e9gration en douceur dans les rangs de la fanfare.<\/span><\/p><\/li><\/ul><p class=\"font_8\" style=\"text-align: left;\"><span style=\"color: #000000;\"><span style=\"font-size: 12pt;\"><strong>Des renseignements ? Des questions ? Une inscription ? Contactez-nous sans attendre !<\/strong><\/span>&nbsp;\u200b<\/span><\/p><\/div><\/div><\/div><div class=\"vce-text-block\"><div class=\"vce-text-block-wrapper vce\" id=\"el-37809345\" data-vce-do-apply=\"all el-37809345\"><\/div><\/div><\/div><\/div><\/div><\/div><\/div><\/div><div class=\"vce-row-container\" data-vce-boxed-width=\"true\"><div class=\"vce-row vce-row--col-gap-30 vce-row-equal-height vce-row-content--top\" id=\"el-0c5a9025\" data-vce-do-apply=\"all el-0c5a9025\"><div class=\"vce-row-content\" data-vce-element-content=\"true\"><div class=\"vce-col vce-col--md-auto vce-col--xs-1 vce-col--xs-last vce-col--xs-first vce-col--sm-last vce-col--sm-first vce-col--md-first vce-col--lg-first vce-col--xl-first\" id=\"el-421581bd\"><div class=\"vce-col-inner\" data-vce-do-apply=\"border margin background  el-421581bd\"><div class=\"vce-col-content\" data-vce-element-content=\"true\" data-vce-do-apply=\"padding el-421581bd\"><div class=\"vce-single-image-container vce-single-image--align-left\"><div class=\"vce vce-single-image-wrapper\" id=\"el-6ea5dbbc\" data-vce-do-apply=\"all el-6ea5dbbc\"><figure><div class=\"vce-single-image-figure-inner\" style=\"width: 731px;\"><div class=\"vce-single-image-inner vce-single-image--absolute\" style=\"width: 100%; padding-bottom: 140.082079%;\"><img loading=\"lazy\" decoding=\"async\" class=\"vce-single-image\"  width=\"731\" height=\"1024\" srcset=\"https:\/\/perseverante.ch\/cms\/wp-content\/uploads\/2022\/11\/Flyer-2022-eveil-musique-731x1024.png 731w, https:\/\/perseverante.ch\/cms\/wp-content\/uploads\/2022\/11\/Flyer-2022-eveil-musique-320x448.png 320w, https:\/\/perseverante.ch\/cms\/wp-content\/uploads\/2022\/11\/Flyer-2022-eveil-musique-480x672.png 480w, https:\/\/perseverante.ch\/cms\/wp-content\/uploads\/2022\/11\/Flyer-2022-eveil-musique-800x1120.png 800w\" src=\"https:\/\/perseverante.ch\/cms\/wp-content\/uploads\/2022\/11\/Flyer-2022-eveil-musique-731x1024.png\" data-img-src=\"https:\/\/perseverante.ch\/cms\/wp-content\/uploads\/2022\/11\/Flyer-2022-eveil-musique.png\" data-attachment-id=\"178\"  alt=\"\" title=\"Flyer 2022 \u00e9veil musique\" \/><\/div><\/div><figcaption hidden=\"\"><\/figcaption><\/figure><\/div><\/div><\/div><\/div><\/div><div class=\"vce-col vce-col--md-auto vce-col--xs-1 vce-col--xs-last vce-col--xs-first vce-col--sm-last vce-col--sm-first vce-col--md-last vce-col--lg-last vce-col--xl-last\" id=\"el-2d061901\"><div class=\"vce-col-inner\" data-vce-do-apply=\"border margin background  el-2d061901\"><div class=\"vce-col-content\" data-vce-element-content=\"true\" data-vce-do-apply=\"padding el-2d061901\"><div class=\"vce-single-image-container vce-single-image--align-left\"><div class=\"vce vce-single-image-wrapper\" id=\"el-d17a84e4\" data-vce-do-apply=\"all el-d17a84e4\"><figure><div class=\"vce-single-image-figure-inner\" style=\"width: 731px;\"><div class=\"vce-single-image-inner vce-single-image--absolute\" style=\"width: 100%; padding-bottom: 140.082079%;\"><img loading=\"lazy\" decoding=\"async\" class=\"vce-single-image\"  width=\"731\" height=\"1024\" srcset=\"https:\/\/perseverante.ch\/cms\/wp-content\/uploads\/2025\/08\/AD8D9F52-C187-4DD0-8CCA-67809D1923A5_1_105_c-731x1024.jpeg 731w, https:\/\/perseverante.ch\/cms\/wp-content\/uploads\/2025\/08\/AD8D9F52-C187-4DD0-8CCA-67809D1923A5_1_105_c-320x448.jpeg 320w, https:\/\/perseverante.ch\/cms\/wp-content\/uploads\/2025\/08\/AD8D9F52-C187-4DD0-8CCA-67809D1923A5_1_105_c-480x672.jpeg 480w\" src=\"https:\/\/perseverante.ch\/cms\/wp-content\/uploads\/2025\/08\/AD8D9F52-C187-4DD0-8CCA-67809D1923A5_1_105_c-731x1024.jpeg\" data-img-src=\"https:\/\/perseverante.ch\/cms\/wp-content\/uploads\/2025\/08\/AD8D9F52-C187-4DD0-8CCA-67809D1923A5_1_105_c.jpeg\" data-attachment-id=\"654\"  alt=\"\" title=\"AD8D9F52-C187-4DD0-8CCA-67809D1923A5_1_105_c\" \/><\/div><\/div><figcaption hidden=\"\"><\/figcaption><\/figure><\/div><\/div><\/div><\/div><\/div><\/div><\/div><\/div><div class=\"vce-row-container\" data-vce-boxed-width=\"true\"><div class=\"vce-row vce-row--col-gap-30 vce-row-equal-height vce-row-content--top\" id=\"el-74a8810d\" data-vce-do-apply=\"all el-74a8810d\"><div class=\"vce-row-content\" data-vce-element-content=\"true\"><div class=\"vce-col vce-col--md-auto vce-col--xs-1 vce-col--xs-last vce-col--xs-first vce-col--sm-last vce-col--sm-first vce-col--md-last vce-col--lg-last vce-col--xl-last vce-col--md-first vce-col--lg-first vce-col--xl-first\" id=\"el-83d71b9f\"><div class=\"vce-col-inner\" data-vce-do-apply=\"border margin background  el-83d71b9f\"><div class=\"vce-col-content\" data-vce-element-content=\"true\" data-vce-do-apply=\"padding el-83d71b9f\"><div class=\"vce-text-block\"><div class=\"vce-text-block-wrapper vce\" id=\"el-9b5485b7\" data-vce-do-apply=\"all el-9b5485b7\"><div id=\"comp-ko78zq4c\" class=\"_1Q9if\" data-testid=\"richTextElement\">\n<h2 class=\"font_2\" style=\"line-height: 0.5;\"><span class=\"color_14\" style=\"font-size: 16pt; color: #68001b;\">Camp musical<\/span><\/h2>\n<\/div>\n<div id=\"comp-ko7b7f4a\" class=\"_1Q9if\" data-testid=\"richTextElement\">\n<p class=\"font_8\"><span style=\"font-size: 12pt; color: #000000;\">Afin de faire d\u00e9couvrir aux jeunes les joies et les rudiments de la vie en soci\u00e9t\u00e9, nous encourageons vivement les membres de notre \u00e9cole de musique \u00e0 participer au camp musical que nous organisons chaque \u00e9t\u00e9 avec d'autres soci\u00e9t\u00e9s. <\/span><\/p>\n<p class=\"font_8\"><span style=\"font-size: 12pt; color: #000000;\">Ce camp leur permet tr\u00e8s t\u00f4t d\u00e9j\u00e0 de jouer dans un ensemble et de faire connaissance avec les autres jeunes de la fanfare.<\/span><\/p>\n<\/div><\/div><\/div><\/div><\/div><\/div><\/div><\/div><\/div><div class=\"vce-row-container\" data-vce-boxed-width=\"true\"><div class=\"vce-row vce-row--col-gap-30 vce-row-equal-height vce-row-content--top\" id=\"el-1310cfcc\" data-vce-do-apply=\"all el-1310cfcc\"><div class=\"vce-row-content\" data-vce-element-content=\"true\"><div class=\"vce-col vce-col--md-auto vce-col--xs-1 vce-col--xs-last vce-col--xs-first vce-col--sm-last vce-col--sm-first vce-col--md-last vce-col--lg-last vce-col--xl-last vce-col--md-first vce-col--lg-first vce-col--xl-first\" id=\"el-9f5c62b7\"><div class=\"vce-col-inner\" data-vce-do-apply=\"border margin background  el-9f5c62b7\"><div class=\"vce-col-content\" data-vce-element-content=\"true\" data-vce-do-apply=\"padding el-9f5c62b7\"><div class=\"vce-single-image-container vce-single-image--align-center\"><div class=\"vce vce-single-image-wrapper\" id=\"el-fb56c488\" data-vce-do-apply=\"all el-fb56c488\"><figure><div class=\"vce-single-image-figure-inner\" style=\"width: 1024px;\"><div class=\"vce-single-image-inner vce-single-image--absolute\" style=\"width: 100%; padding-bottom: 45.019531%;\"><img loading=\"lazy\" decoding=\"async\" class=\"vce-single-image\"  width=\"1024\" height=\"461\" srcset=\"https:\/\/perseverante.ch\/cms\/wp-content\/uploads\/2022\/05\/235725989_2245420362262014_4904955422860408039_n-1024x462.jpeg 1024w, https:\/\/perseverante.ch\/cms\/wp-content\/uploads\/2025\/08\/235725989_2245420362262014_4904955422860408039_n-320x144.jpeg 320w, https:\/\/perseverante.ch\/cms\/wp-content\/uploads\/2025\/08\/235725989_2245420362262014_4904955422860408039_n-480x216.jpeg 480w, https:\/\/perseverante.ch\/cms\/wp-content\/uploads\/2025\/08\/235725989_2245420362262014_4904955422860408039_n-800x360.jpeg 800w\" src=\"https:\/\/perseverante.ch\/cms\/wp-content\/uploads\/2022\/05\/235725989_2245420362262014_4904955422860408039_n-1024x462.jpeg\" data-img-src=\"https:\/\/perseverante.ch\/cms\/wp-content\/uploads\/2022\/05\/235725989_2245420362262014_4904955422860408039_n.jpeg\" data-attachment-id=\"93\"  alt=\"\" title=\"235725989_2245420362262014_4904955422860408039_n\" \/><\/div><\/div><figcaption hidden=\"\"><\/figcaption><\/figure><\/div><\/div><\/div><\/div><\/div><\/div><\/div><\/div>\n","protected":false},"excerpt":{"rendered":"<p>\u00ab\u00a0La Pers\u00e9v\u00e9rante\u00a0\u00bb est soucieuse de sa rel\u00e8ve et a mis en place deux structures&nbsp;pour former les jeunes musiciens en herbe :Un \u00e9veil \u00e0 la musique, d\u00e8s la 1HUne \u00e9cole de musique\u200bL&rsquo;\u00e9veil \u00e0 la musique a pour but; la d\u00e9couverte du rythme et des instruments de mani\u00e8re ludique.L&rsquo;\u00e9cole de musique s&rsquo;appuie sur 2 axes principaux : [&hellip;]<\/p>\n","protected":false},"author":1,"featured_media":0,"parent":0,"menu_order":3,"comment_status":"closed","ping_status":"closed","template":"","meta":{"footnotes":""},"class_list":["post-81","page","type-page","status-publish","hentry"],"_links":{"self":[{"href":"https:\/\/perseverante.ch\/cms\/wp-json\/wp\/v2\/pages\/81","targetHints":{"allow":["GET"]}}],"collection":[{"href":"https:\/\/perseverante.ch\/cms\/wp-json\/wp\/v2\/pages"}],"about":[{"href":"https:\/\/perseverante.ch\/cms\/wp-json\/wp\/v2\/types\/page"}],"author":[{"embeddable":true,"href":"https:\/\/perseverante.ch\/cms\/wp-json\/wp\/v2\/users\/1"}],"replies":[{"embeddable":true,"href":"https:\/\/perseverante.ch\/cms\/wp-json\/wp\/v2\/comments?post=81"}],"version-history":[{"count":0,"href":"https:\/\/perseverante.ch\/cms\/wp-json\/wp\/v2\/pages\/81\/revisions"}],"wp:attachment":[{"href":"https:\/\/perseverante.ch\/cms\/wp-json\/wp\/v2\/media?parent=81"}],"curies":[{"name":"wp","href":"https:\/\/api.w.org\/{rel}","templated":true}]}}

<div class="vce-row-container" data-vce-boxed-width="true"><div class="vce-row vce-row--col-gap-30 vce-row-equal-height vce-row-content--top" id="el-430110bb" data-vce-do-apply="all el-430110bb"><div class="vce-content-background-container"></div><div class="vce-row-content" data-vce-element-content="true"><div class="vce-col vce-col--md-auto vce-col--xs-1 vce-col--xs-last vce-col--xs-first vce-col--sm-last vce-col--sm-first vce-col--md-last vce-col--lg-last vce-col--xl-last vce-col--md-first vce-col--lg-first vce-col--xl-first" id="el-4b4737bb"><div class="vce-col-inner" data-vce-do-apply="border margin background  el-4b4737bb"><div class="vce-col-content" data-vce-element-content="true" data-vce-do-apply="padding el-4b4737bb"><div class="vce-text-block"><div class="vce-text-block-wrapper vce" id="el-e337188e" data-vce-do-apply="all el-e337188e"><div id="WRchTxtc" class="_1Q9if" data-testid="richTextElement"><h2 class="font_2" style="text-align: left;"><span style="font-size: 12pt;"><span style="color: #68001b;">"La Persévérante" est soucieuse de sa relève et a mis en place deux structures&nbsp;pour former </span><span style="color: #68001b;">les jeunes musiciens en herbe :</span></span></h2></div><div id="WRchTxte" class="_1Q9if" data-testid="richTextElement"><ul class="font_8" style="text-align: left;"><li><p class="font_8"><span style="color: #000000; font-size: 12pt;">Un éveil à la musique, dès la 1H</span></p></li><li><p class="font_8"><span style="color: #000000; font-size: 12pt;">Une école de musique</span></p></li></ul><p class="font_8" style="text-align: left;"><span class="wixGuard" style="color: #000000; font-size: 12pt;">​L'éveil à la musique a pour but; la découverte du rythme et des instruments de manière ludique.</span></p><p class="font_8" style="line-height: inherit; text-align: left;"><span style="color: #000000; font-size: 12pt;">L'école de musique s'appuie sur 2 axes principaux : l'étude du solfège et la pratique d'un instrument (cuivre ou percussion).</span></p><p class="font_8" style="line-height: inherit; text-align: left;"><span style="color: #000000; font-size: 12pt;">La formation dure environ 3 ans et suit dans les grandes lignes le programme suivant :</span></p><ul class="font_8" style="text-align: left;"><li><p class="font_8"><span style="color: #000000; font-size: 12pt;">1ère année : Etude du solfège avec 1 cours hebdomadaire et commencement de la pratique de l'instrument</span></p></li><li><p class="font_8"><span style="color: #000000; font-size: 12pt;">2ème année : Poursuite du solfège et pratique de l'instrument</span></p></li><li><p class="font_8"><span style="color: #000000; font-size: 12pt;">3ème année : Pratique de l'instrument avec intégration en douceur dans les rangs de la fanfare.</span></p></li></ul><p class="font_8" style="text-align: left;"><span style="color: #000000;"><span style="font-size: 12pt;"><strong>Des renseignements ? Des questions ? Une inscription ? Contactez-nous sans attendre !</strong></span>&nbsp;​</span></p></div></div></div><div class="vce-text-block"><div class="vce-text-block-wrapper vce" id="el-37809345" data-vce-do-apply="all el-37809345"></div></div></div></div></div></div></div></div><div class="vce-row-container" data-vce-boxed-width="true"><div class="vce-row vce-row--col-gap-30 vce-row-equal-height vce-row-content--top" id="el-0c5a9025" data-vce-do-apply="all el-0c5a9025"><div class="vce-row-content" data-vce-element-content="true"><div class="vce-col vce-col--md-auto vce-col--xs-1 vce-col--xs-last vce-col--xs-first vce-col--sm-last vce-col--sm-first vce-col--md-first vce-col--lg-first vce-col--xl-first" id="el-421581bd"><div class="vce-col-inner" data-vce-do-apply="border margin background  el-421581bd"><div class="vce-col-content" data-vce-element-content="true" data-vce-do-apply="padding el-421581bd"><div class="vce-single-image-container vce-single-image--align-left"><div class="vce vce-single-image-wrapper" id="el-6ea5dbbc" data-vce-do-apply="all el-6ea5dbbc"><figure><div class="vce-single-image-figure-inner" style="width: 731px;"><div class="vce-single-image-inner vce-single-image--absolute" style="width: 100%; padding-bottom: 140.082079%;"><img loading="lazy" decoding="async" class="vce-single-image"  width="731" height="1024" srcset="https://perseverante.ch/cms/wp-content/uploads/2022/11/Flyer-2022-eveil-musique-731x1024.png 731w, https://perseverante.ch/cms/wp-content/uploads/2022/11/Flyer-2022-eveil-musique-320x448.png 320w, https://perseverante.ch/cms/wp-content/uploads/2022/11/Flyer-2022-eveil-musique-480x672.png 480w, https://perseverante.ch/cms/wp-content/uploads/2022/11/Flyer-2022-eveil-musique-800x1120.png 800w" src="https://perseverante.ch/cms/wp-content/uploads/2022/11/Flyer-2022-eveil-musique-731x1024.png" data-img-src="https://perseverante.ch/cms/wp-content/uploads/2022/11/Flyer-2022-eveil-musique.png" data-attachment-id="178"  alt="" title="Flyer 2022 éveil musique" /></div></div><figcaption hidden=""></figcaption></figure></div></div></div></div></div><div class="vce-col vce-col--md-auto vce-col--xs-1 vce-col--xs-last vce-col--xs-first vce-col--sm-last vce-col--sm-first vce-col--md-last vce-col--lg-last vce-col--xl-last" id="el-2d061901"><div class="vce-col-inner" data-vce-do-apply="border margin background  el-2d061901"><div class="vce-col-content" data-vce-element-content="true" data-vce-do-apply="padding el-2d061901"><div class="vce-single-image-container vce-single-image--align-left"><div class="vce vce-single-image-wrapper" id="el-d17a84e4" data-vce-do-apply="all el-d17a84e4"><figure><div class="vce-single-image-figure-inner" style="width: 731px;"><div class="vce-single-image-inner vce-single-image--absolute" style="width: 100%; padding-bottom: 140.082079%;"><img loading="lazy" decoding="async" class="vce-single-image"  width="731" height="1024" srcset="https://perseverante.ch/cms/wp-content/uploads/2025/08/AD8D9F52-C187-4DD0-8CCA-67809D1923A5_1_105_c-731x1024.jpeg 731w, https://perseverante.ch/cms/wp-content/uploads/2025/08/AD8D9F52-C187-4DD0-8CCA-67809D1923A5_1_105_c-320x448.jpeg 320w, https://perseverante.ch/cms/wp-content/uploads/2025/08/AD8D9F52-C187-4DD0-8CCA-67809D1923A5_1_105_c-480x672.jpeg 480w" src="https://perseverante.ch/cms/wp-content/uploads/2025/08/AD8D9F52-C187-4DD0-8CCA-67809D1923A5_1_105_c-731x1024.jpeg" data-img-src="https://perseverante.ch/cms/wp-content/uploads/2025/08/AD8D9F52-C187-4DD0-8CCA-67809D1923A5_1_105_c.jpeg" data-attachment-id="654"  alt="" title="AD8D9F52-C187-4DD0-8CCA-67809D1923A5_1_105_c" /></div></div><figcaption hidden=""></figcaption></figure></div></div></div></div></div></div></div></div><div class="vce-row-container" data-vce-boxed-width="true"><div class="vce-row vce-row--col-gap-30 vce-row-equal-height vce-row-content--top" id="el-74a8810d" data-vce-do-apply="all el-74a8810d"><div class="vce-row-content" data-vce-element-content="true"><div class="vce-col vce-col--md-auto vce-col--xs-1 vce-col--xs-last vce-col--xs-first vce-col--sm-last vce-col--sm-first vce-col--md-last vce-col--lg-last vce-col--xl-last vce-col--md-first vce-col--lg-first vce-col--xl-first" id="el-83d71b9f"><div class="vce-col-inner" data-vce-do-apply="border margin background  el-83d71b9f"><div class="vce-col-content" data-vce-element-content="true" data-vce-do-apply="padding el-83d71b9f"><div class="vce-text-block"><div class="vce-text-block-wrapper vce" id="el-9b5485b7" data-vce-do-apply="all el-9b5485b7"><div id="comp-ko78zq4c" class="_1Q9if" data-testid="richTextElement">
<h2 class="font_2" style="line-height: 0.5;"><span class="color_14" style="font-size: 16pt; color: #68001b;">Camp musical</span></h2>
</div>
<div id="comp-ko7b7f4a" class="_1Q9if" data-testid="richTextElement">
<p class="font_8"><span style="font-size: 12pt; color: #000000;">Afin de faire découvrir aux jeunes les joies et les rudiments de la vie en société, nous encourageons vivement les membres de notre école de musique à participer au camp musical que nous organisons chaque été avec d'autres sociétés. </span></p>
<p class="font_8"><span style="font-size: 12pt; color: #000000;">Ce camp leur permet très tôt déjà de jouer dans un ensemble et de faire connaissance avec les autres jeunes de la fanfare.</span></p>
</div></div></div></div></div></div></div></div></div><div class="vce-row-container" data-vce-boxed-width="true"><div class="vce-row vce-row--col-gap-30 vce-row-equal-height vce-row-content--top" id="el-1310cfcc" data-vce-do-apply="all el-1310cfcc"><div class="vce-row-content" data-vce-element-content="true"><div class="vce-col vce-col--md-auto vce-col--xs-1 vce-col--xs-last vce-col--xs-first vce-col--sm-last vce-col--sm-first vce-col--md-last vce-col--lg-last vce-col--xl-last vce-col--md-first vce-col--lg-first vce-col--xl-first" id="el-9f5c62b7"><div class="vce-col-inner" data-vce-do-apply="border margin background  el-9f5c62b7"><div class="vce-col-content" data-vce-element-content="true" data-vce-do-apply="padding el-9f5c62b7"><div class="vce-single-image-container vce-single-image--align-center"><div class="vce vce-single-image-wrapper" id="el-fb56c488" data-vce-do-apply="all el-fb56c488"><figure><div class="vce-single-image-figure-inner" style="width: 1024px;"><div class="vce-single-image-inner vce-single-image--absolute" style="width: 100%; padding-bottom: 45.019531%;"><img loading="lazy" decoding="async" class="vce-single-image"  width="1024" height="461" srcset="https://perseverante.ch/cms/wp-content/uploads/2022/05/235725989_2245420362262014_4904955422860408039_n-1024x462.jpeg 1024w, https://perseverante.ch/cms/wp-content/uploads/2025/08/235725989_2245420362262014_4904955422860408039_n-320x144.jpeg 320w, https://perseverante.ch/cms/wp-content/uploads/2025/08/235725989_2245420362262014_4904955422860408039_n-480x216.jpeg 480w, https://perseverante.ch/cms/wp-content/uploads/2025/08/235725989_2245420362262014_4904955422860408039_n-800x360.jpeg 800w" src="https://perseverante.ch/cms/wp-content/uploads/2022/05/235725989_2245420362262014_4904955422860408039_n-1024x462.jpeg" data-img-src="https://perseverante.ch/cms/wp-content/uploads/2022/05/235725989_2245420362262014_4904955422860408039_n.jpeg" data-attachment-id="93"  alt="" title="235725989_2245420362262014_4904955422860408039_n" /></div></div><figcaption hidden=""></figcaption></figure></div></div></div></div></div></div></div></div>

<p>« La Persévérante » est soucieuse de sa relève et a mis en place deux structures&nbsp;pour former les jeunes musiciens en herbe :Un éveil à la musique, dès la 1HUne école de musique​L&rsquo;éveil à la musique a pour but; la découverte du rythme et des instruments de manière ludique.L&rsquo;école de musique s&rsquo;appuie sur 2 axes principaux : [&hellip;]</p>
